What is the highest common factor of 3136 and 122850?
14
What is the highest common factor of 61337895 and 1035?
345
What is the greatest common divisor of 120 and 105817560?
120
What is the greatest common factor of 457727 and 3362153?
3293
What is the highest common divisor of 1110 and 21343800?
30
What is the highest common factor of 15298 and 8494?
2
Calculate the highest common divisor of 489 and 728265907.
163
Calculate the highest common factor of 376137478 and 34.
34
Calculate the highest common divisor of 4089 and 16696692.
87
Calculate the greatest common factor of 170037 and 57853065.
8097
What is the highest common divisor of 2770 and 207470?
10
What is the highest common divisor of 57650544 and 1260?
252
Calculate the greatest common factor of 142 and 40663830.
142
What is the greatest common factor of 4665 and 20190?
15
Calculate the highest common factor of 610666 and 1007352.
1646
What is the highest common divisor of 792 and 13241316?
132
What is the greatest common divisor of 202236355 and 230?
115
What is the greatest common factor of 55 and 9638920?
5
Calculate the greatest common divisor of 816 and 41744180.
68
Calculate the highest common factor of 26255 and 1780.
445
What is the greatest common factor of 14 and 14389918?
2
What is the greatest common factor of 19718197 and 2665219?
11059
What is the greatest common factor of 123258642 and 3393?
1131
Calculate the greatest common factor of 684 and 17512604.
76
Calculate the greatest common factor of 38962 and 1532454.
154
Calculate the greatest common factor of 11720229 and 281.
281
Calculate the greatest common factor of 33 and 17398878.
3
Calculate the highest common factor of 45764 and 612.
68
What is the greatest common factor of 2271030 and 816?
102
Calculate the highest common divisor of 21978 and 613978.
74
Calculate the highest common factor of 295668 and 5148.
36
Calculate the highest common divisor of 9556 and 10153250.
4778
Calculate the greatest common divisor of 15 and 25870941.
3
What is the greatest common divisor of 28 and 2223080692?
28
Calculate the greatest common factor of 180747 and 11241.
9
Calculate the highest common factor of 77198 and 23925.
319
What is the highest common divisor of 1510300 and 400?
100
Calculate the highest common factor of 14 and 9577582.
14
What is the highest common factor of 31251056 and 5361?
1787
Calculate the highest common divisor of 113 and 22333.
1
Calculate the highest common divisor of 6280675 and 7250.
725
Calculate the highest common divisor of 17023545 and 1395.
45
What is the greatest common factor of 375038 and 11224?
46
What is the greatest common divisor of 9133867 and 27670?
2767
What is the highest common divisor of 7674173 and 39?
13
What is the highest common factor of 4075 and 6938910?
815
Calculate the highest common divisor of 866453 and 14.
7
What is the greatest common divisor of 727909 and 9638795?
7999
Calculate the greatest common divisor of 15699985 and 1680.
35
What is the greatest common divisor of 22899 and 737511?
51
What is the greatest common divisor of 198998 and 10800412?
2726
Calculate the greatest common factor of 264391237 and 3047.
3047
What is the greatest common divisor of 1382548 and 4?
4
What is the highest common factor of 68108418 and 224?
14
Calculate the greatest common divisor of 1479 and 34199729.
29
What is the greatest common factor of 823842 and 69264?
666
Calculate the highest common factor of 496 and 4726416.
16
What is the highest common factor of 31 and 28359358?
31
What is the greatest common factor of 1772631 and 83?
83
What is the highest common divisor of 2097 and 2182311?
9
Calculate the greatest common factor of 30 and 43694430.
30
Calculate the highest common factor of 69024657 and 351.
39
What is the greatest common divisor of 79912 and 2149?
7
What is the greatest common factor of 61857 and 15721?
79
What is the greatest common factor of 10 and 251939620?
10
Calculate the greatest common factor of 10545743 and 4264.
13
Calculate the highest common factor of 21060 and 881647.
13
Calculate the highest common divisor of 8183 and 1543843.
49
What is the highest common divisor of 55374 and 3042?
6
What is the greatest common factor of 15853485 and 35870?
1055
Calculate the greatest common factor of 6755506 and 366.
122
What is the highest common divisor of 6944 and 1049524?
28
Calculate the highest common factor of 111516528 and 384.
48
What is the highest common divisor of 13723284 and 1972?
68
Calculate the greatest common divisor of 218894 and 1456.
26
Calculate the greatest common factor of 93 and 1734956199.
93
Calculate the greatest common factor of 202147 and 57023032.
8789
Calculate the highest common divisor of 1954 and 6693427.
977
Calculate the greatest common factor of 20045993 and 88.
11
Calculate the greatest common factor of 4290464 and 800.
32
Calculate the greatest common divisor of 30 and 223710.
30
What is the greatest common divisor of 149 and 28033307?
149
Calculate the greatest common factor of 217272 and 210.
6
What is the greatest common divisor of 174605 and 92875?
3715
What is the highest common factor of 412258 and 4830?
14
What is the highest common factor of 433780 and 4439?
23
Calculate the greatest common divisor of 39 and 13582803.
39
What is the greatest common divisor of 6651417 and 2313?
771
What is the greatest common factor of 7770 and 353654?
14
What is the highest common divisor of 74 and 2151328?
74
What is the greatest common factor of 10071 and 608363?
373
What is the greatest common divisor of 20081 and 289073?
467
What is the greatest common factor of 19971 and 11088?
63
Calculate the highest common divisor of 40581 and 78975.
243
What is the greatest common factor of 18595 and 254010?
5
Calculate the greatest common divisor of 17186665 and 505.
505
What is the greatest common factor of 575079920 and 80?
80
What is the greatest common factor of 381786 and 157947?
969
Calculate the greatest common factor of 56836 and 27638.
26
What is the highest common factor of 293192 and 2950518?
1094
Calculate the greatest common factor of 240308445 and 130.
65
Calculate the greatest common factor of 40176 and 54675.
81
Calculate the highest common divisor of 9336987 and 3663.
3663
Calculate the highest common factor of 3166035 and 13695.
1245
Calculate the highest common factor of 1837 and 293144786.
1837
Calculate the highest common divisor of 15178527 and 819.
819
Calculate the greatest common factor of 1797128 and 3772.
92
What is the highest common factor of 14041 and 908231?
739
What is the highest common factor of 2520 and 51404920?
280
Calculate the highest common factor of 1350510 and 166380.
1770
Calculate the greatest common divisor of 11084 and 14008.
68
Calculate the highest common factor of 72 and 4304010.
6
What is the highest common divisor of 139623489 and 81?
9
What is the highest common factor of 55924774 and 2?
2
Calculate the highest common divisor of 10158720 and 11100.
2220
What is the greatest common divisor of 1184502208 and 1104?
368
What is the greatest common factor of 34120619 and 13?
13
What is the greatest common divisor of 70400 and 65835?
55
Calculate the greatest common divisor of 601 and 19560146.
601
Calculate the highest common divisor of 432 and 12339162.
54
Calculate the greatest common factor of 61349 and 7411355.
1979
What is the highest common factor of 11967640 and 1640?
40
What is the greatest common divisor of 9959 and 1683937?
433
What is the highest common factor of 64224964 and 7428?
2476
What is the highest common divisor of 1856 and 7148?
4
What is the greatest common divisor of 310 and 1813748620?
310
What is the greatest common divisor of 900531 and 594?
27
Calculate the highest common divisor of 208636407 and 189.
63
Calculate the highest common divisor of 4458581 and 2637.
293
Calculate the highest common factor of 437668458 and 2166.
2166
What is the greatest common factor of 17513 and 518427?
211
Calculate the highest common divisor of 39 and 7245589.
13
Calculate the highest common factor of 985 and 1847269.
197
What is the greatest common factor of 6474 and 73411?
13
What is the highest common factor of 4585845 and 3615?
15
What is the greatest common factor of 12040 and 62